{"id":603,"date":"2022-06-19T08:47:49","date_gmt":"2022-06-19T08:47:49","guid":{"rendered":"https:\/\/michalprzystas.pl\/?page_id=603"},"modified":"2022-06-20T16:32:06","modified_gmt":"2022-06-20T16:32:06","slug":"kaczki-gesi-i-inne-plywajace","status":"publish","type":"page","link":"https:\/\/michalprzystas.pl\/index.php\/strona-glowna\/galeria-ptaki\/kaczki-gesi-i-inne-plywajace\/","title":{"rendered":"Blaszkodziobe, perkozy"},"content":{"rendered":"\n<div class=\"wp-block-columns is-layout-flex wp-container-core-columns-is-layout-9d6595d7 wp-block-columns-is-layout-flex\">\n<div class=\"wp-block-column is-layout-flow wp-block-column-is-layout-flow\">\n<figure class=\"wp-block-image size-large\"><a href=\"https:\/\/michalprzystas.pl\/index.php\/strona-glowna\/galeria-ptaki\/kaczki-gesi-i-inne-plywajace\/ges-zbozowa\/\"><img loading=\"lazy\" decoding=\"async\" width=\"1024\" height=\"683\" src=\"http:\/\/michalprzystas.pl\/wp-content\/uploads\/2022\/06\/IMG_7422-1024x683.jpg\" alt=\"\" class=\"wp-image-599\" srcset=\"https:\/\/michalprzystas.pl\/wp-content\/uploads\/2022\/06\/IMG_7422-1024x683.jpg 1024w, https:\/\/michalprzystas.pl\/wp-content\/uploads\/2022\/06\/IMG_7422-300x200.jpg 300w, https:\/\/michalprzystas.pl\/wp-content\/uploads\/2022\/06\/IMG_7422-768x512.jpg 768w, https:\/\/michalprzystas.pl\/wp-content\/uploads\/2022\/06\/IMG_7422-1536x1024.jpg 1536w, https:\/\/michalprzystas.pl\/wp-content\/uploads\/2022\/06\/IMG_7422-1200x800.jpg 1200w, https:\/\/michalprzystas.pl\/wp-content\/uploads\/2022\/06\/IMG_7422-872x581.jpg 872w, https:\/\/michalprzystas.pl\/wp-content\/uploads\/2022\/06\/IMG_7422.jpg 1800w\" sizes=\"auto, (max-width: 1024px) 100vw, 1024px\" \/><\/a><figcaption>G\u0119\u015b zbo\u017cowa | Bean goose | Anser fabalis<\/figcaption><\/figure>\n<\/div>\n\n\n\n<div class=\"wp-block-column is-layout-flow wp-block-column-is-layout-flow\">\n<figure class=\"wp-block-image size-large\"><a href=\"https:\/\/michalprzystas.pl\/index.php\/strona-glowna\/galeria-ptaki\/kaczki-gesi-i-inne-plywajace\/kaczki-rozne\/\"><img loading=\"lazy\" decoding=\"async\" width=\"1024\" height=\"683\" src=\"http:\/\/michalprzystas.pl\/wp-content\/uploads\/2022\/06\/IMG_1738-1024x683.jpg\" alt=\"\" class=\"wp-image-643\" srcset=\"https:\/\/michalprzystas.pl\/wp-content\/uploads\/2022\/06\/IMG_1738-1024x683.jpg 1024w, https:\/\/michalprzystas.pl\/wp-content\/uploads\/2022\/06\/IMG_1738-300x200.jpg 300w, https:\/\/michalprzystas.pl\/wp-content\/uploads\/2022\/06\/IMG_1738-768x512.jpg 768w, https:\/\/michalprzystas.pl\/wp-content\/uploads\/2022\/06\/IMG_1738-1536x1024.jpg 1536w, https:\/\/michalprzystas.pl\/wp-content\/uploads\/2022\/06\/IMG_1738-1200x800.jpg 1200w, https:\/\/michalprzystas.pl\/wp-content\/uploads\/2022\/06\/IMG_1738-872x581.jpg 872w, https:\/\/michalprzystas.pl\/wp-content\/uploads\/2022\/06\/IMG_1738.jpg 1800w\" sizes=\"auto, (max-width: 1024px) 100vw, 1024px\" \/><\/a><figcaption>Kaczki r\u00f3\u017cne | Different ducks<\/figcaption><\/figure>\n<\/div>\n\n\n\n<div class=\"wp-block-column is-layout-flow wp-block-column-is-layout-flow\">\n<figure class=\"wp-block-image size-large\"><a href=\"https:\/\/michalprzystas.pl\/index.php\/strona-glowna\/galeria-ptaki\/kaczki-gesi-i-inne-plywajace\/kormoran\/\"><img loading=\"lazy\" decoding=\"async\" width=\"1024\" height=\"683\" src=\"http:\/\/michalprzystas.pl\/wp-content\/uploads\/2022\/06\/IMG_7686-1024x683.jpg\" alt=\"\" class=\"wp-image-652\" srcset=\"https:\/\/michalprzystas.pl\/wp-content\/uploads\/2022\/06\/IMG_7686-1024x683.jpg 1024w, https:\/\/michalprzystas.pl\/wp-content\/uploads\/2022\/06\/IMG_7686-300x200.jpg 300w, https:\/\/michalprzystas.pl\/wp-content\/uploads\/2022\/06\/IMG_7686-768x512.jpg 768w, https:\/\/michalprzystas.pl\/wp-content\/uploads\/2022\/06\/IMG_7686-1536x1024.jpg 1536w, https:\/\/michalprzystas.pl\/wp-content\/uploads\/2022\/06\/IMG_7686-1200x800.jpg 1200w, https:\/\/michalprzystas.pl\/wp-content\/uploads\/2022\/06\/IMG_7686-872x581.jpg 872w, https:\/\/michalprzystas.pl\/wp-content\/uploads\/2022\/06\/IMG_7686.jpg 1800w\" sizes=\"auto, (max-width: 1024px) 100vw, 1024px\" \/><\/a><figcaption>Kormoran zwyczajny | Great cormorant | <em>Phalacroco<\/em>rax carbo<\/figcaption><\/figure>\n<\/div>\n<\/div>\n\n\n\n<div class=\"wp-block-columns is-layout-flex wp-container-core-columns-is-layout-9d6595d7 wp-block-columns-is-layout-flex\">\n<div class=\"wp-block-column is-layout-flow wp-block-column-is-layout-flow\">\n<figure class=\"wp-block-image size-large\"><a href=\"https:\/\/michalprzystas.pl\/index.php\/strona-glowna\/galeria-ptaki\/kaczki-gesi-i-inne-plywajace\/labedz-niemy\/\"><img loading=\"lazy\" decoding=\"async\" width=\"1024\" height=\"683\" src=\"http:\/\/michalprzystas.pl\/wp-content\/uploads\/2022\/06\/IMG_6196-1024x683.jpg\" alt=\"\" class=\"wp-image-730\" srcset=\"https:\/\/michalprzystas.pl\/wp-content\/uploads\/2022\/06\/IMG_6196-1024x683.jpg 1024w, https:\/\/michalprzystas.pl\/wp-content\/uploads\/2022\/06\/IMG_6196-300x200.jpg 300w, https:\/\/michalprzystas.pl\/wp-content\/uploads\/2022\/06\/IMG_6196-768x512.jpg 768w, https:\/\/michalprzystas.pl\/wp-content\/uploads\/2022\/06\/IMG_6196-1536x1024.jpg 1536w, https:\/\/michalprzystas.pl\/wp-content\/uploads\/2022\/06\/IMG_6196-1200x800.jpg 1200w, https:\/\/michalprzystas.pl\/wp-content\/uploads\/2022\/06\/IMG_6196-872x581.jpg 872w, https:\/\/michalprzystas.pl\/wp-content\/uploads\/2022\/06\/IMG_6196.jpg 1800w\" sizes=\"auto, (max-width: 1024px) 100vw, 1024px\" \/><\/a><figcaption>\u0141ab\u0119d\u017a niemy | Mute swan | Cygnus olor<\/figcaption><\/figure>\n<\/div>\n\n\n\n<div class=\"wp-block-column is-layout-flow wp-block-column-is-layout-flow\">\n<figure class=\"wp-block-image size-large\"><a href=\"https:\/\/michalprzystas.pl\/index.php\/strona-glowna\/galeria-ptaki\/kaczki-gesi-i-inne-plywajace\/perkoz-dwuczuby\/\"><img loading=\"lazy\" decoding=\"async\" width=\"1024\" height=\"683\" src=\"http:\/\/michalprzystas.pl\/wp-content\/uploads\/2022\/06\/IMG_6920-1024x683.jpg\" alt=\"\" class=\"wp-image-760\" srcset=\"https:\/\/michalprzystas.pl\/wp-content\/uploads\/2022\/06\/IMG_6920-1024x683.jpg 1024w, https:\/\/michalprzystas.pl\/wp-content\/uploads\/2022\/06\/IMG_6920-300x200.jpg 300w, https:\/\/michalprzystas.pl\/wp-content\/uploads\/2022\/06\/IMG_6920-768x512.jpg 768w, https:\/\/michalprzystas.pl\/wp-content\/uploads\/2022\/06\/IMG_6920-1536x1024.jpg 1536w, https:\/\/michalprzystas.pl\/wp-content\/uploads\/2022\/06\/IMG_6920-1200x800.jpg 1200w, https:\/\/michalprzystas.pl\/wp-content\/uploads\/2022\/06\/IMG_6920-872x581.jpg 872w, https:\/\/michalprzystas.pl\/wp-content\/uploads\/2022\/06\/IMG_6920.jpg 1800w\" sizes=\"auto, (max-width: 1024px) 100vw, 1024px\" \/><\/a><figcaption>Perkoz dwuczuby | Great crested grebe | Podiceps cristatus<\/figcaption><\/figure>\n<\/div>\n\n\n\n<div class=\"wp-block-column is-layout-flow wp-block-column-is-layout-flow\"><\/div>\n<\/div>\n","protected":false},"excerpt":{"rendered":"","protected":false},"author":1,"featured_media":0,"parent":138,"menu_order":0,"comment_status":"closed","ping_status":"closed","template":"template-full-width-page.php","meta":{"footnotes":""},"class_list":["post-603","page","type-page","status-publish","hentry"],"_links":{"self":[{"href":"https:\/\/michalprzystas.pl\/index.php\/wp-json\/wp\/v2\/pages\/603","targetHints":{"allow":["GET"]}}],"collection":[{"href":"https:\/\/michalprzystas.pl\/index.php\/wp-json\/wp\/v2\/pages"}],"about":[{"href":"https:\/\/michalprzystas.pl\/index.php\/wp-json\/wp\/v2\/types\/page"}],"author":[{"embeddable":true,"href":"https:\/\/michalprzystas.pl\/index.php\/wp-json\/wp\/v2\/users\/1"}],"replies":[{"embeddable":true,"href":"https:\/\/michalprzystas.pl\/index.php\/wp-json\/wp\/v2\/comments?post=603"}],"version-history":[{"count":5,"href":"https:\/\/michalprzystas.pl\/index.php\/wp-json\/wp\/v2\/pages\/603\/revisions"}],"predecessor-version":[{"id":1262,"href":"https:\/\/michalprzystas.pl\/index.php\/wp-json\/wp\/v2\/pages\/603\/revisions\/1262"}],"up":[{"embeddable":true,"href":"https:\/\/michalprzystas.pl\/index.php\/wp-json\/wp\/v2\/pages\/138"}],"wp:attachment":[{"href":"https:\/\/michalprzystas.pl\/index.php\/wp-json\/wp\/v2\/media?parent=603"}],"curies":[{"name":"wp","href":"https:\/\/api.w.org\/{rel}","templated":true}]}}